*0. Suppose o = u - 4*u. Let c(j) = -j**3 + 34. Is 9 a factor of c(u)?
False
Let o(j) = -2*j - 3. Suppose 4*c - 12 = 3*m, 3*m = -0*c + c - 3. Let f be ((-1)/2)/(c/54). Does 13 divide o(f)?
False
Let y(p) = -p. Let f be y(-4). Suppose 3*x = 5*b + 74, -1 = 5*b + f. Does 9 divide x?
False
Let g(y) = -2 + 4 + 0 - y**2 - 3*y. Let w be g(-3). Suppose -5*i + 57 = -3*t, 0*t + 26 = w*i + 2*t. Does 9 divide i?
False
Let b(v) = -4*v - 17. Does 4 divide b(-9)?
False
Let v(m) = m**2 - 2*m + 3. Let h be v(5). Suppose 0*x + h = x. Is 18 a factor of x?
True
Let z be 11/(-22) + 141/2. Let u = z + -34. Does 11 divide u?
False
Suppose 5*d = 5*h - 590, -h = h - 5*d - 245. Is h a multiple of 23?
True
Let s = -388 + 578. Is s a multiple of 32?
False
Let p(d) = d**2 - 4*d - 8. Is p(8) a multiple of 8?
True
Let n(b) = 2*b - 5. Let y be n(4). Suppose l - 5*o - 33 = -l, 4*o = -y*l + 15. Is l a multiple of 4?
False
Let m(r) = -2*r. Let l(y) = -5*y + 2. Let i be l(2). Is m(i) a multiple of 16?
True
Suppose 3*w + 9 = 2*w. Let s = -5 - w. Suppose -12 = -s*c + 12. Is c a multiple of 3?
True
Suppose -2*t - 2*b + 10 = 2*t, 0 = t - 2*b. Suppose t*q + 8 = 5*a, 6*q - 2 = a + 2*q. Suppose a*k + k - 63 = 0. Is k a multiple of 7?
True
Let s = -15 + 45. Does 10 divide s?
True
Let k be 1 + 12/(-4) - -3. Suppose 2*n - 2 = 2. Does 22 divide 1 + (23 - n/k)?
True
Suppose 70 = -7*y + 2*y. Let d = 46 - y. Does 15 divide d?
True
Let u(v) = -9*v - 18*v - 5 + 4. Is 26 a factor of u(-2)?
False
Is 13 a factor of 117/(-2)*(-2 - -8)/(-3)?
True
Suppose 4*m - 860 = -4*k, 0 = -2*k - 4*m + m + 433. Is k a multiple of 23?
False
Let w(p) be the first derivative of -p**4/4 - 7*p**3/3 - 7*p**2/2 - 2*p + 5. Let u be 8/(-6)*(-18)/(-4). Is w(u) a multiple of 4?
True
Let n(f) = 28*f + 3. Let u be n(3). Suppose 33 = 4*k - u. Is k a multiple of 9?
False
Suppose -3*a - 2*l - 472 = 0, 2*a + 304 = l + 3*l. Let p = a - -347. Suppose 5*x = p - 41. Does 15 divide x?
True
Suppose 2 + 198 = 5*w. Is w a multiple of 20?
True
Let k = -9 + 10. Is 43 + ((-3)/3)/k a multiple of 14?
True
Let q = 8 + -5. Is 3 a factor of q?
True
Let h = 26 - 11. Let r = h - -29. Is 15 a factor of r?
False
Is 6 a factor of (-166)/(-12) - 5/(-30)?
False
Let q(d) = 7*d - 15. Let j(o) = -4*o + 7. Let p(m) = -5*j(m) - 3*q(m). Let r be p(7). Is 12 a factor of -1*r*(0 + -5)?
False
Let r(m) = -m**3 + 7*m**2 + 5*m - 1. Suppose 3*o + 19 = 4, -3*h + 3*o + 36 = 0. Suppose -3*z + h = -2*z. Is r(z) a multiple of 17?
True
Let w(y) = -11*y - 3. Suppose -3*g - j - 4 = 9, -4*g = 5*j + 32. Is 7 a factor of w(g)?
False
Let y be ((-6)/4)/(3/(-6)). Is 5 a factor of 3/(18/5 - y)?
True
Suppose 5 = -5*j + 5*r, 5*j + 3*r + 11 = j. Let f = j - -2. Is f - 2/(2/(-19)) a multiple of 19?
True
Suppose -17 - 4 = 4*m + 5*n, 5*n = 2*m + 3. Let b = m - -7. Is 30/b + -2 + 2 a multiple of 10?
True
Is (54/(-15))/3*(-50)/4 even?
False
Let m(f) = 2*f + 61. Let b be m(0). Suppose -i + b + 47 = 0. Is 36 a factor of i?
True
Let z(s) = -4*s. Let j be z(-5). Suppose 0 = 4*d - 0*d - j. Is d a multiple of 4?
False
Let j(q) = -q**3 + 4*q**2 + 5*q. Let k be j(5). Suppose -2*x + 20 = -k. Is x a multiple of 5?
True
Is 18/(-81) - 542/(-9) a multiple of 12?
True
Let q(f) = -f**2 + 9*f + 1. Let z be q(6). Suppose z = -0*i + i. Suppose r + 4*m = i, 5*m + 1 = -2*r + 3*r. Is r a multiple of 7?
False
Suppose -3*h + 30 = -h. Suppose 5*k - h - 10 = 0. Suppose -2*n + 7*m - 2*m + 21 = 0, 4*n = -k*m + 57. Is 11 a factor of n?
False
Suppose 5*w = 8 + 7. Suppose 5*k = -n + 18, 4*k - w*n + 1 = 4. Is 2 a factor of k?
False
Let x be 3 - (0 - -2)*-1. Suppose 3*s - 7 = -x*o, 7 = 4*o + 3*s + 2. Does 5 divide 9 + -1 + o + -2?
False
Let a = -15 + 26. Does 3 divide a?
False
Suppose -j = -4*d + 37, -4*j + 2*j = d + 47. Let m = 43 + j. Is 9 a factor of m?
True
Is 3/(-4 + 1)*-3 a multiple of 3?
True
Does 16 divide (221 - -1)/(-6 - -8)?
False
Suppose -4*d = a - 482, 0*a = 2*a - 4. Is d a multiple of 20?
True
Suppose -2*l - 17 = 3*u + 2*u, 2*u = -10. Let q = 6 - l. Suppose 5*n + 5*r = r + 64, -q*r = -2. Does 6 divide n?
True
Let w(f) = -6*f + 6. Let c be w(-9). Suppose 0 = 5*s - 0*s - c. Is s/((-40)/22 + 2) a multiple of 28?
False
Let a be ((-12)/5)/(6/(-500)). Suppose d + 5*f = 45, 5*f - a = -4*d - 35. Does 20 divide d?
True
Let w = 80 + -51. Does 3 divide w?
False
Let q = 83 - 43. Does 5 divide q?
True
Suppose 14 = -3*j - 2*l - 0, 4*l + 24 = -4*j. Let z be 69/(-6)*(8 + j). Let x = z + 97. Is 17 a factor of x?
False
Suppose 2*k = a - 3*a + 70, 2*a = -k + 35. Is 18 a factor of (6/(-6))/((-1)/k)?
False
Suppose -3*p + 10 + 2 = 0. Suppose p*i - 15 = i. Suppose 2*v = i*s + 61, -s = 5*v - 19 - 93. Does 11 divide v?
False
Suppose -15*q = -968 - 2152. Is q a multiple of 38?
False
Let a(k) = -k - 4. Let x = 4 + -11. Let l be a(x). Is 5 a factor of l/(4/((-40)/(-6)))?
True
Let o(f) = 6*f**3 + 2*f - 4. Does 16 divide o(2)?
True
Let v = 4 - -6. Does 11 divide 2/v + (-1284)/(-30)?
False
Let d = -25 + 56. Is 13 a factor of d?
False
Suppose 5 = 3*s - 184. Is 21 a factor of s?
True
Suppose -m + 32 = 3*m. Let x = -13 + 18. Suppose -7 = -x*l + m. Does 3 divide l?
True
Let v = 80 + -14. Does 12 divide v?
False
Let w = 22 + -17. Does 5 divide w?
True
Let u(f) = -f**3 + 7*f**2 - 3*f + 1. Let b be -3*(1 + 0 + -2). Is 8 a factor of u(b)?
False
Let s(a) = 2*a - 7*a**2 - 1 + 0*a - 3*a. Let k be s(-2). Let d = k - -38. Is 11 a factor of d?
True
Suppose 0 = -0*m - 5*m. Suppose m*c + 100 = 5*c. Is 8 a factor of c?
False
Let o be (2/(-3))/((-2)/9). Let g(c) = 8*c**2 + c**3 - 5*c - 3*c - 2*c**o. Does 12 divide g(6)?
True
Suppose 5*g - 350 = -3*p, -p + 4*g = -4*p + 349. Is p a multiple of 26?
False
Suppose 0*w = 3*w - 3, 0 = 4*b - 3*w - 45. Does 12 divide b?
True
Let y = 19 + -18. Suppose -2*i = -4*x, 4*x = -7*i + 2*i + 70. Let j = y + i. Is 4 a factor of j?
False
Let y = 0 + 2. Suppose -3*c = -3*b + 6, -c - 1 = 2*c - y*b. Suppose c*o - 2*k = 55, -3*o + 65 = o - k. Does 15 divide o?
True
Let x(c) = -5*c**2 + 5*c + 46. Let v(h) = -2*h**2 + 2*h + 23. Let p(a) = -7*v(a) + 3*x(a). Let o be p(0). Let f = o + 44. Is 12 a factor of f?
False
Let b(x) = 2*x**2 + 8. Is 10 a factor of b(4)?
True
Let b(d) = 209*d. Does 36 divide b(1)?
False
Let z be (2 - 0)/(6/(-6)). Let g(w) = 2 + 1 - 1 - 34*w. Does 26 divide g(z)?
False
Suppose -5*c - 215 = -4*s, 6*c - 4*c = -5*s + 244. Let n be (4/(-10))/((-5)/s). Suppose f = 2*f - n. Does 3 divide f?
False
Let m(r) = -7*r + 4. Let a(i) = i. Let z(c) = 6*a(c) + m(c). Does 3 divide z(-5)?
True
Let w(i) = -140*i. Let h(x) = 7*x. Let z(r) = -119*h(r) - 6*w(r). Let a be z(2). Suppose -2*f + a = -f. Is 9 a factor of f?
False
Suppose 0 = -2*c + 71 + 13. Is 6 a factor of c?
True
Let o(y) = -4*y - 7. Is o(-7) a multiple of 7?
True
Let w(o) = o - 1. Let z = -5 + 2. Let m(b) = 2*b - 3. Let h(t) = z*w(t) + m(t). Is 7 a factor of h(-10)?
False
Suppose -n + 1 = -2*n. Let p(x) be the second derivative of -7*x**3/2 - x**2/2 - 2*x. Is 6 a factor of p(n)?
False
Let z be (-18)/8*(-94 - -2). Let p = 292 - z. Is 20 a factor of p?
False
Let t(c) = -c**2 - 11*c + 6. Let b be t(-10). Does 4 divide b/(2/2 + 1)?
True
Suppose -5*s - 4*c + 204 = 0, 9*s - 5*s - 164 = -4*c. Does 5 divide s?
True
Suppose 176 = 2*t + 2*t. Does 11 divide t?
True
Let o(s) = 2*s - 4. Let z be o(-4). Let t = z + 28. Suppose 0 = -4*p - 4*f + t, 5*f = p + 3*p - 43. Is p a multiple of 4?
False
Let c(d) = d - 1. Let v be c(1). Suppose 5*s = -5*g - 0*g + 145, v = 5*g - s - 115. Let t = 50 - g. Does 13 divide t?
True
Let s be ((-6)/(-4))/(1/2). Suppose 4*a + 5 = -4*x - a, 4*x + 4 = -4*a. Suppose x = -s*j + 9. Is 3 a factor of j?
True
Suppose -5*g + 12 - 2 = 0. Does 14 divide 3*7 + (1 - g)?
False
Let y be ((-4)/(-6))/(2/9). Is (21/6)/(y/6) a multiple of 7?
True
Suppose 0 = -5*b - 3*k + k + 112, 0 = k - 1. Is 22 a factor of b?
True
Let h = 192 - 110. Let a = h - 28. Suppose 2*m - 30 - a = 0. Does 18 divide m?
False
Is 10 a factor of -3*(-4)/(-12) - -38?
False
Let q(n) = -n + 1. Let r be q(-3). Let t = 12 + r. Does 16 divide t?
True
Let l(k) = -k**3 + 7*k**2 - 5*k + 1. Let y be l(4). Suppose 2*h - 4*a = -28, 3*h + y = -4*a - 33. Is 7 a factor of (-130)/(-18) - (-4)/h?
True
Let m(j) = -30*j - 28. Is m(-5) a multiple of 6?
False
Let x = 20 - -28. Does 12 divide x?
True
Does 45 divid